What is the remainder when 4294 is divided by 12?
10
Calculate the remainder when 7252 is divided by 93.
91
Calculate the remainder when 549 is divided by 506.
43
Calculate the remainder when 505 is divided by 167.
4
What is the remainder when 210 is divided by 55?
45
What is the remainder when 124 is divided by 55?
14
Calculate the remainder when 309 is divided by 24.
21
What is the remainder when 1017 is divided by 64?
57
Calculate the remainder when 285 is divided by 12.
9
What is the remainder when 176 is divided by 15?
11
What is the remainder when 182 is divided by 47?
41
Calculate the remainder when 1196 is divided by 65.
26
Calculate the remainder when 332 is divided by 266.
66
Calculate the remainder when 490 is divided by 458.
32
What is the remainder when 970 is divided by 116?
42
Calculate the remainder when 740 is divided by 13.
12
What is the remainder when 348 is divided by 35?
33
Calculate the remainder when 224 is divided by 183.
41
What is the remainder when 74 is divided by 37?
0
What is the remainder when 1562 is divided by 92?
90
Calculate the remainder when 2244 is divided by 34.
0
Calculate the remainder when 968 is divided by 94.
28
What is the remainder when 118 is divided by 21?
13
Calculate the remainder when 1371 is divided by 37.
2
Calculate the remainder when 4754 is divided by 71.
68
What is the remainder when 412 is divided by 48?
28
Calculate the remainder when 383 is divided by 96.
95
What is the remainder when 172 is divided by 88?
84
Calculate the remainder when 406 is divided by 43.
19
What is the remainder when 400 is divided by 81?
76
Calculate the remainder when 254 is divided by 3.
2
Calculate the remainder when 503 is divided by 39.
35
What is the remainder when 16420 is divided by 322?
320
What is the remainder when 4438 is divided by 64?
22
Calculate the remainder when 254 is divided by 13.
7
Calculate the remainder when 39 is divided by 20.
19
Calculate the remainder when 226 is divided by 77.
72
What is the remainder when 2725 is divided by 58?
57
What is the remainder when 7976 is divided by 57?
53
What is the remainder when 138 is divided by 12?
6
What is the remainder when 133 is divided by 23?
18
Calculate the remainder when 3340 is divided by 38.
34
What is the remainder when 1024 is divided by 25?
24
Calculate the remainder when 125 is divided by 42.
41
What is the remainder when 276 is divided by 58?
44
Calculate the remainder when 548 is divided by 11.
9
Calculate the remainder when 594 is divided by 24.
18
Calculate the remainder when 443 is divided by 16.
11
Calculate the remainder when 3094 is divided by 9.
7
What is the remainder when 223 is divided by 16?
15
Calculate the remainder when 144 is divided by 43.
15
What is the remainder when 405 is divided by 29?
28
Calculate the remainder when 8012 is divided by 48.
44
What is the remainder when 96 is divided by 47?
2
Calculate the remainder when 1030 is divided by 236.
86
What is the remainder when 911 is divided by 101?
2
What is the remainder when 106 is divided by 18?
16
What is the remainder when 179 is divided by 20?
19
Calculate the remainder when 2769 is divided by 66.
63
What is the remainder when 656 is divided by 189?
89
Calculate the remainder when 10035 is divided by 21.
18
What is the remainder when 754 is divided by 42?
40
What is the remainder when 342 is divided by 109?
15
What is the remainder when 590 is divided by 33?
29
Calculate the remainder when 369 is divided by 48.
33
What is the remainder when 436 is divided by 22?
18
What is the remainder when 524 is divided by 93?
59
Calculate the remainder when 109 is divided by 38.
33
What is the remainder when 158 is divided by 15?
8
Calculate the remainder when 167 is divided by 34.
31
Calculate the remainder when 5777 is divided by 34.
31
What is the remainder when 106 is divided by 5?
1
What is the remainder when 734 is divided by 46?
44
What is the remainder when 44 is divided by 28?
16
Calculate the remainder when 112 is divided by 96.
16
What is the remainder when 747 is divided by 30?
27
Calculate the remainder when 394 is divided by 47.
18
Calculate the remainder when 24 is divided by 7.
3
What is the remainder when 1274 is divided by 17?
16
What is the remainder when 15 is divided by 13?
2
What is the remainder when 533 is divided by 21?
8
Calculate the remainder when 13845 is divided by 301.
300
What is the remainder when 2613 is divided by 12?
9
What is the remainder when 512 is divided by 55?
17
What is the remainder when 1407 is divided by 64?
63
What is the remainder when 1389 is divided by 13?
11
What is the remainder when 284 is divided by 26?
24
What is the remainder when 1060 is divided by 9?
7
Calculate the remainder when 612 is divided by 103.
97
Calculate the remainder when 12 is divided by 4.
0
Calculate the remainder when 60 is divided by 44.
16
What is the remainder when 76 is divided by 13?
11
What is the remainder when 219 is divided by 77?
65
What is the remainder when 95 is divided by 34?
27
What is the remainder when 685 is divided by 217?
34
What is the remainder when 868 is divided by 46?
40
What is the remainder when 135 is divided by 134?
1
Calculate the remainder when 1587 is divided by 23.
0
Calculate the remainder when 10 is divided by 10.
0
Calculate the remainder when 367 is divided by 133.
101
What is the remainder when 68 is divided by 8?
4
What is the remainder when 1176 is divided by 20?
16
Calculate the remainder when 5999 is divided by 75.
74
Calculate the remainder when 236 is divided by 7.
5
Calculate the remainder when 219 is divided by 44.
43
Calculate the remainder when 2143 is divided by 32.
31
What is the remainder when 110 is divided by 32?
14
Calculate the remainder when 40 is divided by 28.
12
What is the remainder when 7058 is divided by 33?
29
What is the remainder when 302 is divided by 42?
8
What is the remainder when 6556 is divided by 83?
82
Calculate the remainder when 105 is divided by 82.
23
What is the remainder when 811 is divided by 209?
184
What is the remainder when 419 is divided by 53?
48
Calculate the remainder when 93 is divided by 4.
1
Calculate the remainder when 198 is divided by 54.
36
What is the remainder when 421 is divided by 199?
23
Calculate the remainder when 287 is divided by 83.
38
What is the remainder when 38655 is divided by 128?
127
Calculate the remainder when 119 is divided by 78.
41
What is the remainder when 19 is divided by 16?
3
Calculate the remainder when 3933 is divided by 96.
93
Calculate the remainder when 449 is divided by 25.
24
Calculate the remainder when 1105 is divided by 10.
5
Calculate the remainder when 46 is divided by 12.
10
What is the remainder when 759 is divided by 6?
3
Calculate the remainder when 10359 is divided by 70.
69
What is the remainder when 1418 is divided by 200?
18
Calculate the remainder when 2039 is divided by 12.
11
Calculate the remainder when 8572 is divided by 175.
172
What is the remainder when 957 is divided by 10?
7
Calculate the remainder when 429 is divided by 197.
35
Calculate the remainder when 835 is divided by 832.
3
Calculate the remainder when 85 is divided by 25.
10
Calculate the remainder when 1352 is divided by 64.
8
Calculate the remainder when 3903 is divided by 122.
121
Calculate the remainder when 2837 is divided by 18.
11
What is the remainder when 494 is divided by 33?
32
What is the remainder when 56 is divided by 32?
24
Calculate the remainder when 69 is divided by 34.
1
What is the remainder when 3718 is divided by 61?
58
What is the remainder when 169 is divided by 29?
24
What is the remainder when 7774 is divided by 9?
7
Calculate the remainder when 314 is divided by 161.
153
What is the remainder when 1795 is divided by 9?
4
What is the remainder when 232 is divided by 48?
40
Calculate the remainder when 2473 is divided by 65.
3
What is the remainder when 34 is divided by 25?
9
What is the remainder when 113 is divided by 31?
20
What is the remainder when 5011 is divided by 59?
55
Calculate the remainder when 208 is divided by 70.
68
Calculate the remainder when 14 is divided by 1.
0
Calculate the remainder when 1775 is divided by 63.
11
Calculate the remainder when 55 is divided by 28.
27
What is the remainder 